5292?
2
What is the hundreds digit of 110856223?
2
What is the hundreds digit of 487057383?
3
What is the ten thousands digit of 25612236?
1
What is the tens digit of 575416341?
4
What is the ten thousands digit of 65670528?
7
What is the hundred thousands digit of 516104336?
1
What is the hundreds digit of 13214348?
3
What is the units digit of 1303695561?
1
What is the tens digit of 157380074?
7
What is the hundred millions digit of 1717047759?
7
What is the tens digit of 1530130126?
2
What is the units digit of 1626639400?
0
What is the hundreds digit of 28862366?
3
What is the thousands digit of 48709365?
9
What is the units digit of 65319395?
5
What is the ten millions digit of 166654754?
6
What is the hundred thousands digit of 321933016?
9
What is the ten millions digit of 21176534?
2
What is the millions digit of 4454218061?
4
What is the ten millions digit of 64969237?
6
What is the ten millions digit of 176681799?
7
What is the hundred thousands digit of 34591044?
5
What is the thousands digit of 188399952?
9
What is the thousands digit of 3575767791?
7
What is the billions digit of 4608577163?
4
What is the hundreds digit of 711081353?
3
What is the ten thousands digit of 755434496?
3
What is the tens digit of 311496283?
8
What is the thousands digit of 274606924?
6
What is the hundred thousands digit of 6338098294?
0
What is the ten thousands digit of 74474167?
7
What is the tens digit of 49712010?
1
What is the ten millions digit of 50073623?
5
What is the hundred thousands digit of 342166353?
1
What is the units digit of 1709792453?
3
What is the thousands digit of 2473606?
3
What is the tens digit of 2929519824?
2
What is the hundred thousands digit of 64634141?
6
What is the hundred thousands digit of 238498528?
4
What is the units digit of 1268634216?
6
What is the hundred thousands digit of 34149683?
1
What is the tens digit of 3997518?
1
What is the tens digit of 135325784?
8
What is the hundred thousands digit of 954545303?
5
What is the millions digit of 19275411?
9
What is the ten thousands digit of 79614299?
1
What is the ten millions digit of 16210411?
1
What is the tens digit of 137660314?
1
What is the hundred millions digit of 810564056?
8
What is the hundreds digit of 240867277?
2
What is the thousands digit of 592421703?
1
What is the millions digit of 23386580?
3
What is the hundreds digit of 514323316?
3
What is the ten thousands digit of 637726616?
2
What is the thousands digit of 77443514?
3
What is the hundred thousands digit of 911187511?
1
What is the hundred thousands digit of 1496159784?
1
What is the hundreds digit of 18261534?
5
What is the thousands digit of 1771263907?
3
What is the tens digit of 151489747?
4
What is the tens digit of 1784990510?
1
What is the hundred millions digit of 694556222?
6
What is the units digit of 1303826416?
6
What is the thousands digit of 91459494?
9
What is the ten thousands digit of 458417342?
1
What is the tens digit of 5014081954?
5
What is the hundred thousands digit of 67332181?
3
What is the ten millions digit of 1531407955?
3
What is the thousands digit of 5460998302?
8
What is the millions digit of 398072136?
8
What is the millions digit of 13603864?
3
What is the hundreds digit of 193798406?
4
What is the hundreds digit of 194180356?
3
What is the ten millions digit of 256667666?
5
What is the thousands digit of 48823292?
3
What is the hundred millions digit of 1606121569?
6
What is the units digit of 11824379?
9
What is the hundred thousands digit of 363462576?
4
What is the hundred thousands digit of 15813298?
8
What is the hundred millions digit of 940454131?
9
What is the hundreds digit of 17718479?
4
What is the tens digit of 62081559?
5
What is the units digit of 41583116?
6
What is the tens digit of 206717373?
7
What is the thousands digit of 46089621?
9
What is the hundred thousands digit of 182151200?
1
What is the millions digit of 210287723?
0
What is the ten thousands digit of 21051816?
5
What is the tens digit of 78247891?
9
What is the hundred millions digit of 462230456?
4
What is the hundreds digit of 134657450?
4
What is the thousands digit of 296238799?
8
What is the hundred millions digit of 374975775?
3
What is the tens digit of 367413770?
7
What is the hundred millions digit of 2487664357?
4
What is the ten thousands digit of 536423882?
2
What is the hundred thousands digit of 206498840?
4
What is the thousands digit of 1577630986?
0
What is the hundreds digit of 592411856?
8
What is the tens digit of 31912438?
3
What is the ten millions digit of 178719988?
7
What is the units digit of 929687462?
2
What is the billions digit of 1278621144?
1
What is the ten thousands digit of 78354646?
5
What is the ten thousands digit of 413281985?
8
What is the hundred thousands digit of 200529359?
5
What is the ten thousands digit of 970432927?
3
What is the ten thousands digit of 44427860?
2
What is the units digit of 1102595313?
3
What is the ten millions digit of 21932548?
2
What is the units digit of 33863670?
0
What is the hundred thousands digit of 44496047?
4
What is the hundred millions digit of 103459568?
1
What is the units digit of 18313089?
9
What is the tens digit of 1527387807?
0
What is the hundred thousands digit of 454579233?
5
What is the billions digit of 1664753813?
1
What is the hundreds digit of 166181656?
6
What is the ten millions digit of 14750750?
1
What is the units digit of 61517989?
9
What is the tens digit of 39913780?
8
What is the hundreds digit of 60211243?
2
What is the thousands digit of 1643573723?
3
What is the millions digit of 5120263847?
0
What is the thousands digit of 3735330697?
0
What is the units digit of 179332075?
5
What is the millions digit of 3943149027?
3
What is the tens digit of 579134423?
2
What is the ten thousands digit of 2012786067?
8
What is the ten thousands digit of 1441148631?
4
What is the units digit of 90015031?
1
What is the units digit of 6243412?
2
What is the millions digit of 117681273?
7
What is the thousands digit of 129346764?
6
What is the millions digit of 236611861?
6
What is the hundred thousands digit of 2459847549?
8
What is the billions digit of 1200337249?
1
What is the millions digit of 995754084?
5
What is the millions digit of 1609716910?
9
What is the tens digit of 434649157?
5
What is the hundreds digit of 415094109?
1
What is the ten millions digit of 4210702278?
1
What is the units digit of 218075079?
9
What is the millions digit of 1118128931?
8
What is the hundred millions digit of 1724782040?
7
What is the hundreds digit of 179163646?
6
What is the thousands digit of 286443079?
3
What is the ten thousands digit of 5792400499?
0
What is the hundred thousands digit of 160759092?
7
What is the hundred thousands digit of 7708636598?
6
What is the billions digit of 1744714516?
1
What is the ten millions digit of 42166003?
4
What is the millions digit of 20745300?
0
What is the units digit of 103552886?
6
What is the units digit of 320559300?
0
What is the tens digit of 715349352?
5
What is the hundred millions digit of 223257987?
2
What is the billions digit of 1834363010?
1
What is the ten millions digit of 4666972466?
6
What is the hundred millions digit of 1347024043?
3
What is the tens digit of 36227523?
2
What is the hundreds digit of 392104360?
3
What is the units digit of 2078849990?
0
What is the ten thousands digit of 3217661532?
6
What is the millions digit of 2185808040?
5
What is the hundreds digit of 32275050?
0
What is the units digit of 242706743?
3
What is the thousands digit of 57284747?
4
What is the ten thousands digit of 92264037?
6
What is the units digit of 308859601?
1
What is the millions digit of 6044826493?
4
What is the hundreds digit of 424337861?
8
What is the hundreds digit of 397360905?
9
What is the hundreds digit of 7745617203?
2
What is the hundred thousands digit of 80748567?
7
What is the hundreds digit of 246853533?
5
What is the hundred thousands digit of 483019024?
0
What is the units digit of 266240468?
8
What is the billions digit of 1618914072?
1
What is the millions digit of 85404390?
5
What is the units digit of 196603046?
6
What is the tens digit of 394629140?
4
What is the hundred thousands digit of 625772630?
7
What is 